{"id":30839,"date":"2024-01-15T12:04:41","date_gmt":"2024-01-15T11:04:41","guid":{"rendered":"https:\/\/media-and-learning.eu\/?post_type=event&#038;p=30839"},"modified":"2024-06-13T23:18:19","modified_gmt":"2024-06-13T21:18:19","slug":"promoting-mil-and-youth-citizen-jouanalism-through-mobile-stories","status":"publish","type":"event","link":"https:\/\/media-and-learning.eu\/event\/promoting-mil-and-youth-citizen-jouanalism-through-mobile-stories\/","title":{"rendered":"Promoting MIL and Youth Citizen Journalism through Mobile Stories"},"content":{"rendered":"\n<p class=\"wp-block-paragraph\">Our Spring 24&#8242; Wednesday Webinar series concluded with a session organised as part of the <a href=\"https:\/\/publiceringsverktyg.mobilestories.se\/en\/766-2\/\" target=\"_blank\" rel=\"noreferrer noopener\">ProMS project: Promoting Media Literacy and Youth Citizen Journalism through Mobile Stories<\/a>.<\/p>\n\n\n\n<p class=\"wp-block-paragraph\">During this session, the team introduced the innovative European project ProMS and its interactive publishing tool, Mobile Stories. The partners provided a hands-on demonstration, guiding the audience through practical exercises to show how to seamlessly integrate Mobile Stories into the classroom activities and teaching methodologies. Additionally, we heard firsthand insights from teachers and students who have used the tool, and discussed tasks, student engagement, and the impactful features of Mobile Stories.<\/p>\n\n\n\n<p class=\"wp-block-paragraph\"><strong>Moderator<\/strong>: <strong><strong><a href=\"https:\/\/content.media-and-learning.eu\/node\/id missing\/lightbox2\" target=\"_blank\" data-lity>Chlo\u00e9 P\u00e9t\u00e9<\/a><\/strong> <\/strong>,&nbsp;Media &amp; Learning Association, Belgium<\/p>\n\n\n\n<p class=\"wp-block-paragraph\"><strong>Speakers:<\/strong> Jenny Sk\u00f6ld &amp; Lotta Bergseth, Voice4You, Sweden and Maria Krasinski and Sab\u012bne B\u0113rzi\u0146a, News Decoder, France<\/p>\n\n\n\n<figure class=\"wp-block-embed is-type-video is-provider-vimeo wp-block-embed-vimeo wp-embed-aspect-16-9 wp-has-aspect-ratio\"><div class=\"wp-block-embed__wrapper\">\n<iframe loading=\"lazy\" src=\"https:\/\/player.vimeo.com\/video\/946226796?dnt=1&amp;app_id=122963\" width=\"770\" height=\"433\" frameborder=\"0\" allow=\"autoplay; fullscreen; picture-in-picture; clipboard-write\"><\/iframe>\n<\/div><\/figure>\n\n\n\n<h4 class=\"wp-block-heading has-text-align-center has-gridlove-highlight-bg-color has-gridlove-bg-background-color has-text-color has-background has-large-font-size\">Presentation<\/h4>\n\n\n\n<p class=\"has-text-align-center has-gridlove-bg-color has-gridlove-cat-6-background-color has-text-color has-background wp-block-paragraph\">The story of Mobile Stories<\/p>\n\n\n\n<p class=\"wp-block-paragraph\">Jenny Sk\u00f6ld &amp; Lotta Bergseth, Voice4You, Sweden introduce the story behind Mobile Stories, presented the European project and the publishing tool. <\/p>\n\n\n\n<p class=\"wp-block-paragraph\">Presentation can be found <strong><a href=\"https:\/\/media-and-learning.eu\/files\/2024\/06\/ProMS_Webinar_20240522.pdf\" target=\"_blank\" rel=\"noreferrer noopener\">HERE<\/a><\/strong>.<\/p>\n\n\n\n<p class=\"has-text-align-center has-gridlove-bg-color has-gridlove-cat-275-background-color has-text-color has-background wp-block-paragraph\">Interview discussion with teachers &amp; students on user experience<\/p>\n\n\n\n<h4 class=\"wp-block-heading\">Questions asked: <\/h4>\n\n\n\n<p class=\"wp-block-paragraph\"><em>Is it possible for students to publish their articles in other languages than english?<\/em> Yes<\/p>\n\n\n\n<p class=\"wp-block-paragraph\"><em>Is there a mobile version of the editing platform?<\/em> Yes<\/p>\n\n\n\n<h4 class=\"wp-block-heading\">Links shared in the chat:<\/h4>\n\n\n\n<ul class=\"wp-block-list\">\n<li>Mobiles Stories website: <a href=\"https:\/\/publiceringsverktyg.mobilestories.se\/en\/766-2\/\" target=\"_blank\" rel=\"noreferrer noopener\">https:\/\/publiceringsverktyg.mobilestories.se\/en\/766-2\/<\/a><\/li>\n\n\n\n<li>Mobile Stories Newsroom (Publishing tool): <a href=\"https:\/\/newsroom.mobilestories.com\/\" target=\"_blank\" rel=\"noreferrer noopener\">https:\/\/newsroom.mobilestories.com\/<\/a><\/li>\n\n\n\n<li>Mobile Stories Publication site, here you find all the students articles published and featured: <a href=\"https:\/\/mobilestories.com\/\" target=\"_blank\" rel=\"noreferrer noopener\">https:\/\/mobilestories.com\/<\/a><\/li>\n<\/ul>\n\n\n\n<figure class=\"wp-block-embed is-type-video is-provider-youtube wp-block-embed-youtube wp-embed-aspect-16-9 wp-has-aspect-ratio\"><div class=\"wp-block-embed__wrapper\">\n<iframe loading=\"lazy\" title=\"Promoting MIL &amp; Youth Citizen Journalism through Mobile Stories\" width=\"770\" height=\"433\" src=\"https:\/\/www.youtube.com\/embed\/jIN-QmEAMkM?start=1&#038;feature=oembed\" frameborder=\"0\" allow=\"accelerometer; autoplay; clipboard-write; encrypted-media; gyroscope; picture-in-picture; web-share\" referrerpolicy=\"strict-origin-when-cross-origin\" allowfullscreen><\/iframe>\n<\/div><\/figure>\n","protected":false},"featured_media":30841,"template":"","categories":[5,272,274],"class_list":["post-30839","event","type-event","status-publish","has-post-thumbnail","hentry","category-general-events","category-media-literacy","category-primary-secondary-education"],"_links":{"self":[{"href":"https:\/\/media-and-learning.eu\/api-json\/wp\/v2\/event\/30839","targetHints":{"allow":["GET"]}}],"collection":[{"href":"https:\/\/media-and-learning.eu\/api-json\/wp\/v2\/event"}],"about":[{"href":"https:\/\/media-and-learning.eu\/api-json\/wp\/v2\/types\/event"}],"version-history":[{"count":24,"href":"https:\/\/media-and-learning.eu\/api-json\/wp\/v2\/event\/30839\/revisions"}],"predecessor-version":[{"id":33188,"href":"https:\/\/media-and-learning.eu\/api-json\/wp\/v2\/event\/30839\/revisions\/33188"}],"wp:featuredmedia":[{"embeddable":true,"href":"https:\/\/media-and-learning.eu\/api-json\/wp\/v2\/media\/30841"}],"wp:attachment":[{"href":"https:\/\/media-and-learning.eu\/api-json\/wp\/v2\/media?parent=30839"}],"wp:term":[{"taxonomy":"category","embeddable":true,"href":"https:\/\/media-and-learning.eu\/api-json\/wp\/v2\/categories?post=30839"}],"curies":[{"name":"wp","href":"https:\/\/api.w.org\/{rel}","templated":true}]}}

<p class="wp-block-paragraph">Our Spring 24&#8242; Wednesday Webinar series concluded with a session organised as part of the <a href="https://publiceringsverktyg.mobilestories.se/en/766-2/" target="_blank" rel="noreferrer noopener">ProMS project: Promoting Media Literacy and Youth Citizen Journalism through Mobile Stories</a>.</p>



<p class="wp-block-paragraph">During this session, the team introduced the innovative European project ProMS and its interactive publishing tool, Mobile Stories. The partners provided a hands-on demonstration, guiding the audience through practical exercises to show how to seamlessly integrate Mobile Stories into the classroom activities and teaching methodologies. Additionally, we heard firsthand insights from teachers and students who have used the tool, and discussed tasks, student engagement, and the impactful features of Mobile Stories.</p>



<p class="wp-block-paragraph"><strong>Moderator</strong>: <strong><strong><a href="https://content.media-and-learning.eu/node/id missing/lightbox2" target="_blank" data-lity>Chloé Pété</a></strong> </strong>,&nbsp;Media &amp; Learning Association, Belgium</p>



<p class="wp-block-paragraph"><strong>Speakers:</strong> Jenny Sköld &amp; Lotta Bergseth, Voice4You, Sweden and Maria Krasinski and Sabīne Bērziņa, News Decoder, France</p>



<figure class="wp-block-embed is-type-video is-provider-vimeo wp-block-embed-vimeo wp-embed-aspect-16-9 wp-has-aspect-ratio"><div class="wp-block-embed__wrapper">
<iframe loading="lazy" src="https://player.vimeo.com/video/946226796?dnt=1&amp;app_id=122963" width="770" height="433" frameborder="0" allow="autoplay; fullscreen; picture-in-picture; clipboard-write"></iframe>
</div></figure>



<h4 class="wp-block-heading has-text-align-center has-gridlove-highlight-bg-color has-gridlove-bg-background-color has-text-color has-background has-large-font-size">Presentation</h4>



<p class="has-text-align-center has-gridlove-bg-color has-gridlove-cat-6-background-color has-text-color has-background wp-block-paragraph">The story of Mobile Stories</p>



<p class="wp-block-paragraph">Jenny Sköld &amp; Lotta Bergseth, Voice4You, Sweden introduce the story behind Mobile Stories, presented the European project and the publishing tool. </p>



<p class="wp-block-paragraph">Presentation can be found <strong><a href="https://media-and-learning.eu/files/2024/06/ProMS_Webinar_20240522.pdf" target="_blank" rel="noreferrer noopener">HERE</a></strong>.</p>



<p class="has-text-align-center has-gridlove-bg-color has-gridlove-cat-275-background-color has-text-color has-background wp-block-paragraph">Interview discussion with teachers &amp; students on user experience</p>



<h4 class="wp-block-heading">Questions asked: </h4>



<p class="wp-block-paragraph"><em>Is it possible for students to publish their articles in other languages than english?</em> Yes</p>



<p class="wp-block-paragraph"><em>Is there a mobile version of the editing platform?</em> Yes</p>



<h4 class="wp-block-heading">Links shared in the chat:</h4>



<ul class="wp-block-list">
<li>Mobiles Stories website: <a href="https://publiceringsverktyg.mobilestories.se/en/766-2/" target="_blank" rel="noreferrer noopener">https://publiceringsverktyg.mobilestories.se/en/766-2/</a></li>



<li>Mobile Stories Newsroom (Publishing tool): <a href="https://newsroom.mobilestories.com/" target="_blank" rel="noreferrer noopener">https://newsroom.mobilestories.com/</a></li>



<li>Mobile Stories Publication site, here you find all the students articles published and featured: <a href="https://mobilestories.com/" target="_blank" rel="noreferrer noopener">https://mobilestories.com/</a></li>
</ul>



<figure class="wp-block-embed is-type-video is-provider-youtube wp-block-embed-youtube wp-embed-aspect-16-9 wp-has-aspect-ratio"><div class="wp-block-embed__wrapper">
<iframe loading="lazy" title="Promoting MIL &amp; Youth Citizen Journalism through Mobile Stories" width="770" height="433" src="https://www.youtube.com/embed/jIN-QmEAMkM?start=1&#038;feature=oembed" frameborder="0" allow="accelerometer; autoplay; clipboard-write; encrypted-media; gyroscope; picture-in-picture; web-share" referrerpolicy="strict-origin-when-cross-origin" allowfullscreen></iframe>
</div></figure>
